, 3*c - 4*h - 923 = 0. What is the units digit of c?
5
Suppose -11*y - 1150 = -y. Let m = 294 + y. What is the hundreds digit of m?
1
Let r be (-1)/3*-3*-46*-1. Suppose 4*w - 179 = 217. Let g = w - r. What is the tens digit of g?
5
Let z = 5 - -3. Let i = 8 - z. Suppose i*l - 115 = -5*l. What is the tens digit of l?
2
Let c be (-9)/(-2)*(-40)/(-12). Let m = c - 7. What is the units digit of 3*-2*(-4)/m?
3
Let a(z) = -4*z - 148. Let b(c) = -3*c - 99. Let k(v) = -5*a(v) + 7*b(v). What is the tens digit of k(19)?
2
Let s(j) be the second derivative of j**4/12 + j**3/2 - 7*j**2 - 3*j. What is the tens digit of s(6)?
4
Suppose -2*a = 4*p - 292, -7*a + 4*a = -4*p + 282. What is the tens digit of p?
7
Suppose 3*g + 679 = -2*t + 8891, -4*t + 8 = 0. What is the thousands digit of g?
2
Let y be 3 + 0/(12/4). Let q be (8/y)/(4/6). Suppose -q*c - c + 75 = 3*s, s + 55 = 5*c. What is the tens digit of c?
1
Let s(u) = -19*u**2 - u + 1. Let k be s(-4). What is the tens digit of 42/(-63) - k/3?
9
Let q(k) = -4*k**2 - k + 80. Let c(y) = -2*y**2 + 40. Let u(j) = 7*c(j) - 4*q(j). What is the tens digit of u(6)?
5
Let w(r) = 2*r + 6. Let k be w(2). Suppose -k = -3*l + 83. Suppose 5*h + 4*a = 275, l = -4*h + 5*a + 292. What is the tens digit of h?
5
Let r = -1081 - -1732. What is the units digit of r?
1
What is the tens digit of (2/4)/(12/24) - -1302?
0
Let f = 8 - 10. Let i be (3 + 3)/(f/102). What is the tens digit of (-2)/(-7) - i/7?
4
Let i(l) = 4*l - 40. Let j be i(13). Suppose -4*d + 24 + 36 = 0. Let x = d + j. What is the units digit of x?
7
Let v be (-2)/4*(20 - 4). Let k = v - -18. Suppose -2*d - k = -4*d. What is the units digit of d?
5
Let x(r) = -r**3 + 8*r**2 - 8*r + 11. Let i be x(7). What is the hundreds digit of ((-4)/i)/(-3 - (-3272)/1092)?
2
Suppose -4*b = 4*l - 10500 + 2380, -5*l - 3*b = -10154. What is the hundreds digit of l?
0
Suppose -8*j - 1323 = -3651. What is the hundreds digit of j?
2
Let p(d) = -1523*d - 132. What is the thousands digit of p(-1)?
1
Suppose -12*n + 10*n + 6 = 0. Suppose 596 = n*t + h, -t + 3*t - 3*h = 390. What is the tens digit of t?
9
Let f = -10 - -10. Suppose -3*z = -f - 6. Suppose 0 = -z*l - 60 + 210. What is the tens digit of l?
7
Let i = 205 - 80. What is the units digit of i?
5
Suppose -571 = -5*w + 4*w + 4*v, 20 = 5*v. What is the units digit of w?
7
Let i(t) = -t. Let o(k) = k**3 + 15*k**2 + 9*k - 9. Let u(l) = 5*i(l) - o(l). What is the units digit of u(-14)?
9
Suppose 3*y + 7*i = 3*i + 40, -3*y + 37 = i. Suppose 3*b + 3 = y. Suppose 0*n - n - b*t + 41 = 0, 178 = 4*n + 5*t. What is the tens digit of n?
4
Let q(y) = -23*y - 1. Let u be q(-5). Let d = -28 + u. What is the tens digit of d?
8
Let f(o) = o - 30. Let v be f(15). Let n = 99 + v. Suppose 2*m = 5*y - 2*m - 177, 3*y + 5*m - n = 0. What is the tens digit of y?
3
Let m = 215 - 206. What is the units digit of m?
9
Suppose 3*s + 33*s = 5256. What is the hundreds digit of s?
1
Let m(q) = -q. Let c be m(0). Suppose c = -y - 2*y. What is the units digit of 0 + (-1 - -3) - y?
2
Suppose -6*v + 3531 = -381. What is the hundreds digit of v?
6
Suppose r = -4*q + 7789, 68*q + 9715 = 73*q - 3*r. What is the units digit of q?
6
Let i be 4/(0 + -4 + 5). Suppose -i*c = 3*c. What is the tens digit of (-1)/(c + 1) - -35?
3
Let d be (-196 - -1)/((-1)/1). Let u(v) = v + 91. Let j be u(-13). Suppose 0*r - 4*x = -2*r + j, 2*x = -5*r + d. What is the units digit of r?
9
Suppose -4*l + 8*l = 0. Suppose 2*p - m - 143 = l, 0*p + m - 137 = -2*p. What is the tens digit of p?
7
Let x = 149 - -1819. What is the units digit of x?
8
Suppose -5*k + 312 = -2*q, 3*q - 3 - 9 = 0. Let x = k + -48. What is the units digit of x?
6
Let z(n) = n**3 - 10*n**2 - 18*n - 20. What is the tens digit of z(13)?
5
Let l(k) = -2*k + 15. Let t be l(5). Suppose -945 = -t*b + 5*y, 5*b + 5*y = 17 + 898. What is the units digit of b?
6
Let z(s) = -5*s**2 + 2*s - 1. Let u(l) = -5*l**2 + 2*l - 1. Let x(y) = -3*u(y) + 2*z(y). Let t be x(1). Suppose -t*v = -0 - 20. What is the units digit of v?
5
Suppose 0 = 4*a - 2*t - 1460, 4*t + 718 = 2*a + 6*t. What is the units digit of a?
3
Let n be (-1 + (-9)/(-6))/((-2)/(-40)). What is the units digit of n*(-2 - (-11)/1)?
0
Let k(g) = -42*g**3 + 5*g**2 - 12*g - 3. Let f(b) = 41*b**3 - 4*b**2 + 11*b + 3. Let m(q) = -6*f(q) - 5*k(q). What is the units digit of m(-2)?
3
Suppose 395*k - 11584 = 387*k. What is the hundreds digit of k?
4
Suppose 23*m + 4408 = 15*m. Let r = m - -832. What is the hundreds digit of r?
2
Suppose -247*l + 239*l + 376 = 0. What is the tens digit of l?
4
Let u(q) = 0*q + 14 + q - 14. Let r = 9 - 8. What is the units digit of u(r)?
1
Let i = 477 + -390. What is the tens digit of i?
8
Let l = -141 - -215. What is the units digit of l?
4
Let j(z) = -9 - 1 + z**2 + 4 + 10*z. What is the tens digit of j(10)?
9
Let t = 741 - 119. What is the units digit of t?
2
Let h(z) = 2*z**2 - 18*z - 261. What is the tens digit of h(-26)?
5
Let o(f) = -f**2 + 9*f - 11. Let x be o(5). Suppose -6*k - 279 = -x*k. What is the units digit of k?
3
Let j(f) = -f**3 + 2*f**2 - 2*f + 2. Let h be j(2). Let u be (-6 - -4)/(h/76). Suppose u + 52 = 4*s. What is the tens digit of s?
3
Suppose -t + 106 = 5*g, 6*t + 240 = 8*t + 3*g. What is the units digit of t?
6
Let g = -74 + 77. Suppose g*a + 985 = 8*a. What is the tens digit of a?
9
Let t(n) = -2*n**2 - n + 5. Let l be t(-2). Suppose 2*c + 0*c - 34 = 0. Let s = l + c. What is the units digit of s?
6
Let h = 1108 - 588. What is the tens digit of h?
2
Suppose -2*v - q + 222 = 0, 4*q = -5*v + 295 + 257. What is the tens digit of v?
1
What is the thousands digit of -6 + 1 + (-16 - -2749)?
2
Let b be 4/(-10) + (-854)/(-35). Suppose 6*z = 432 - b. What is the units digit of z?
8
Let y(h) = h**3 + 8*h**2 - 11*h - 12. Let p be y(-9). Let k be (4/p)/(7/(-21)). What is the tens digit of ((-4)/(-8))/(k/(-60))?
1
Suppose 2*l - 4 = 5*g - 19, -5*g - 5 = 2*l. What is the units digit of 52/(-13)*(-52 + -2 + g)?
2
Let u(b) = 22*b**2 + 10*b - 27. What is the units digit of u(9)?
5
Let c be 3 - (-3 + 4) - -4. What is the units digit of (-68)/c*-3*2?
8
Let j = -9 + 10. Let z be (j + 1)/(6/39). Suppose -4*b + z = 4*t - 23, 4*t = b - 24. What is the tens digit of b?
1
Let y(f) = f - 7. Let m be y(9). Suppose 0 = 2*j - 3*t - 186, 0 = -j + 4*t - m*t + 93. What is the tens digit of j?
9
Let p = -126 + 648. What is the units digit of p?
2
Let d(p) be the second derivative of -7*p**3/6 - 3*p**2/2 + 3*p. Suppose -2 = b + 1. What is the units digit of d(b)?
8
Suppose -4*t = -3*t + 4. Let f be ((-32)/24)/(t/6). Suppose 0 = -f*p + 2*z + z + 34, z + 16 = p. What is the tens digit of p?
1
Let a(m) = 3*m**2 - 11*m + 6. Let o be a(7). Let v = o + -21. What is the tens digit of v?
5
Let s(x) = -241*x**2 - x. Let m(i) = 60*i**2. Let b(o) = 9*m(o) + 2*s(o). What is the tens digit of b(1)?
5
Suppose -4*l - 12 = -5*l - 2*s, 5*s = -3*l + 39. Let y = -32 + 22. Let v = l + y. What is the units digit of v?
8
Let l = 74 - 46. Let z be ((-18)/(-7))/(4/l). Suppose 2*h + 6 = -d + 2*d, -3*d - 4*h + z = 0. What is the units digit of d?
6
Suppose f = -4*r + 866, 4*f + 10*r - 14*r - 3444 = 0. What is the units digit of f?
2
Suppose 0 = 2*d - 0*d + 44. Let p = -99 + 55. Let r = d - p. What is the tens digit of r?
2
Suppose 0 = -b + 64 + 207. What is the hundreds digit of b?
2
Let k(j) = 71*j + 12. Let r(f) = f**2 + 1. Let n be r(-1). What is the hundreds digit of k(n)?
1
Suppose -16 = -4*a - 0*a. Suppose 0 = -a*y - 0*j - 2*j + 6, -5*y + 10 = 2*j. What is the tens digit of (-48)/36*(-102)/y?
3
Suppose -4*z + 3*z = -1. Suppose z + 45 = q. What is the tens digit of q?
4
Let b be (-16)/(-24) - 16/6. Let s = 1 - b. Suppose 0 = -2*c - i + 70, -126 = -s*c + i - 26. What is the units digit of c?
4
Suppose 114392 = 27*s + 28424. What is the hundreds digit of s?
1
Suppose 6*c = 4268 - 92. What is the units digit of c?
6
Let u = 16 - 14. Suppose 5*d + u - 147 = 0. What is the tens digit of d?
2
Let f = 13 - 7. Let n be ((-70)/(-42))/(2/f). Suppose -2*v + 15 = -n. What is the units digit of v?
0
Suppose 0 = 5*o + 4*y - 1 + 2, -3*o + y = -13. Suppose -1 = n + 2*t - 70, o*n = 2*t + 215. What is the tens digit of n?
7
What is the thousands digit of ((-2002)/(-66))/((-4)/(-312))?
2
Suppose -2618